is b4 - -313a?
3232
In base 15, what is -1 - a2e6?
-a2e7
In base 14, what is -78 - -1c3a?
1ba2
In base 5, what is 34 - -4121?
4210
In base 14, what is 497 - -1?
498
In base 6, what is -3 - -2155545?
2155542
In base 3, what is -100 + -12221121?
-12221221
In base 8, what is 2 + -2566?
-2564
In base 8, what is 11031 - 24?
11005
In base 4, what is 3 - -22130111?
22130120
In base 15, what is -217 + d3?
-134
In base 7, what is 4 - 54135?
-54131
In base 4, what is -3 + 2131223331?
2131223322
In base 6, what is 0 + 12012424?
12012424
In base 15, what is -11 - -d339?
d328
In base 7, what is 56 + -151120?
-151031
In base 5, what is -1422 - 330?
-2302
In base 11, what is -73 - -128?
65
In base 5, what is 44313242 + -4?
44313233
In base 4, what is -10133121311 - 2?
-10133121313
In base 5, what is -42122 + 112?
-42010
In base 10, what is 9 + 186341?
186350
In base 3, what is -1110010011 - 11?
-1110010022
In base 11, what is -2028 - -14?
-2014
In base 16, what is 49b - -19?
4b4
In base 5, what is 441 + 31?
1022
In base 6, what is -5145231 + -13?
-5145244
In base 13, what is -79c + 193?
-609
In base 4, what is -23 - -212121202?
212121113
In base 7, what is 11 + 12200?
12211
In base 15, what is -56 + -201?
-257
In base 3, what is 20 - -2221121?
2221211
In base 13, what is 32 + -268?
-236
In base 12, what is 1447 - 45b?
ba8
In base 14, what is -283d6 - 5?
-283db
In base 6, what is -3 - 21250?
-21253
In base 16, what is 575f8 - c?
575ec
In base 2, what is 0 + -1111100100110?
-1111100100110
In base 8, what is -3436 - 10?
-3446
In base 2, what is 101110100111111 - -1110001?
101110110110000
In base 15, what is 96ad + -1?
96ac
In base 14, what is 73d4 - 0?
73d4
In base 4, what is -103230201 + 12?
-103230123
In base 4, what is -2132313 + -321?
-2133300
In base 12, what is -68 - 22a?
-296
In base 3, what is 1022 + 2212202?
2221001
In base 12, what is 106 + 27?
131
In base 2, what is 1010000110 + -10100000001?
-1001111011
In base 14, what is 78429 + 7?
78432
In base 8, what is -20664 - 20?
-20704
In base 14, what is 2 - -1b167?
1b169
In base 8, what is -576746 - 4?
-576752
In base 15, what is 75d - 2a?
733
In base 2, what is 110100110011111100010 - -101?
110100110011111100111
In base 3, what is 100 - 220021?
-212221
In base 8, what is -42722 - -4?
-42716
In base 9, what is -73623 - 27?
-73651
In base 16, what is 247 + -2?
245
In base 12, what is 14 - 508b3?
-5089b
In base 2, what is 10 + 1001001000000?
1001001000010
In base 6, what is -232005 + -144?
-232153
In base 4, what is -110 - 110331?
-111101
In base 11, what is -6a1 + -763?
-1354
In base 14, what is -7b + -70?
-10b
In base 13, what is -8c6 - -25?
-8a1
In base 11, what is 582 + 3a?
611
In base 5, what is 300203 - -110?
300313
In base 5, what is -24140021 + 0?
-24140021
In base 10, what is 19656 + 45?
19701
In base 12, what is -3 + 260b8?
260b5
In base 16, what is -b + 26c?
261
In base 9, what is -2287 + 12?
-2275
In base 8, what is -377 + -35252?
-35651
In base 4, what is -2233032 - 2122?
-2301220
In base 13, what is 70b + -12?
6c9
In base 7, what is 1 + 4346?
4350
In base 3, what is -21220111102 - -1?
-21220111101
In base 16, what is -12 + -10e8d?
-10e9f
In base 6, what is 253 - 53?
200
In base 15, what is 6aa + -28?
682
In base 9, what is 4174 - 35?
4138
In base 13, what is -a27 - -1c?
-a08
In base 2, what is -11111111111111 + 10100?
-11111111101011
In base 8, what is -20031 + -2?
-20033
In base 3, what is -10101021012012 - -2?
-10101021012010
In base 14, what is -439d + -5?
-43a4
In base 6, what is 23 + -1143152?
-1143125
In base 14, what is -72 - -4551?
44bd
In base 3, what is 11020 - -20110121?
20121211
In base 16, what is 38f + 488?
817
In base 8, what is 13616 + -20?
13576
In base 10, what is 1 + -18630?
-18629
In base 13, what is -151c91 + -5?
-151c96
In base 7, what is 26003 + 5?
26011
In base 12, what is 21b + 513?
732
In base 5, what is -1032 - 12123?
-13210
In base 4, what is -30003212 + -1?
-30003213
In base 8, what is -1 + -621?
-622
In base 6, what is -50 - -2222242?
2222152
In base 13, what is 455838 + 4?
45583c
In base 13, what is 3 + -119618?
-119615
In base 12, what is 780 - -566?
1126
In base 4, what is -12 + 10210022?
10210010
In base 9, what is 771 - -322?
1203
In base 7, what is -2241664 + -12?
-2242006
In base 4, what is 3222 - -110231?
120113
In base 4, what is 11 + 3232311?
3232322
In base 10, what is -5412 - 15?
-5427
In base 2, what is 1110 - 110001011100110010?
-110001011100100100
In base 15, what is 1a5db + 2?
1a5dd
In base 4, what is 2030 - 2310?
-220
In base 12, what is -817 - -401?
-416
In base 15, what is 159 + 944?
a9d
In base 2, what is 1111101111100010101001 - 100?
1111101111100010100101
In base 6, what is 21 - -30134?
30155
In base 10, what is -277 + 725?
448
In base 4, what is -10330 - -33121?
22131
In base 14, what is 5 + 5170d?
51714
In base 11, what is -77 + 135?
69
In base 16, what is -36bc - 5?
-36c1
In base 10, what is 5 + -7783?
-7778
In base 9, what is 3 - -274835?
274838
In base 5, what is 121 + -1021100?
-1020424
In base 10, what is 5992 - 5?
5987
In base 2, what is 11 - -10001111110011?
10001111110110
In base 16, what is 41 - 15e?
-11d
In base 4, what is 2100 - -1321222?
1323322
In base 16, what is -20d7 + 2?
-20d5
In base 8, what is -3 + 1731050?
1731045
In base 14, what is -1 - -8738?
8737
In base 15, what is -a2 - -a5?
3
In base 2, what is 1100011001 - 0?
1100011001
In base 13, what is -25276 + 6?
-25270
In base 11, what is 2a8 + -240?
68
In base 8, what is -12534470 - 4?
-12534474
In base 3, what is -202002 + -20112?
-222121
In base 10, what is 350 + -105?
245
In base 3, what is 1101101 - 101?
1101000
In base 8, what is 2 + 63236?
63240
In base 13, what is 46c - 52?
41a
In base 13, what is -1418 + 1?
-1417
In base 8, what is -177341 - -13?
-177326
In base 9, what is -11 - -1565?
1554
In base 2, what is 10 - 1001001000101011101?
-1001001000101011011
In base 7, what is 14 - -123254?
123301
In base 8, what is 7252 - -4?
7256
In base 14, what is -373909 + 3?
-373906
In base 16, what is d - -1171?
117e
In base 15, what is 22 + -5?
1c
In base 13, what is 1 + -10a625?
-10a624
In base 10, what is -293388 + -1?
-293389
In base 8, what is -25 - 541706?
-541733
In base 4, what is -10200011311 - 0?
-10200011311
In base 6, what is -20321153 - 2?
-20321155
In base 11, what is -1047 + 93?
-a64
In base 11, what is -14 - a7744?
-a7758
In base 4, what is -11 + -222102213?
-222102230
In base 8, what is -133 + -7567?
-7722
In base 2, what is 1100000010100100 + -10001?
1100000010010011
In base 3, what is -110 - 210122201?
-210200011
In base 4, what is 3300201 + 0?
3300201
In base 3, what is -202002 + -121210?
-1100212
In base 15, what is 1064 + 7?
106b
In base 3, what is 122100212112 + 10?
122100212122
In base 6, what is 2154522 - 4?
2154514
In base 10, what is -116 - -2?
-114
In base 3, what is -2201222 - 122?
-2202121
In base 9, what is 15 - 13520?
-13504
In base 5, what is 142 - -204?
401
In base 4, what is -112002011 + 0?
-112002011
In base 4, what is 20 + 32322?
33002
In base 4, what is -11003 - 232?
-11301
In base 2, what is 10111101 + 1000010011?
1011010000
In base 6, what is -114033 + 41?
-113552
In base 9, what is -4855 - 11?
-4866
In base 7, what is -1231 + 212?
-1016
In base 3, what is -2111000 - -102111?
-2001112
In base 8, what is 6570421 - 1?
6570420
In base 11, what is -5294a0 - -3?
-529498
In base 10, what is 3 + 23882?
23885
In base 11, what is -12 + 1064?
1052
In base 16, what is -1ef + 42a?
23b
In base 16, what is 5d15 + -c?
5d09
In base 7, what is 5 + 503660?
503665
In base 2, what is -11 + 111011011101111?
111011011101100
In base 11, what is 24a73 + -1?
24a72
In base 12, what is -6311 + -11?
-6322
In base 12, what is 16 + -14a46?
-14a30
In base 4, what is -210010120 + 22?
-210010032
In base 14, what is 2b9c + -2?
2b9a
In base 16, what is -2cf3 - -17?
-2cdc
In base 5, what is -3 + -14114?
-14122
In base 16, what is -3 + -8fea?
-8fed
In base 3, what is 11011020 + 100001?
11111021
In base 5, what is 233 - 2221?
-1433
In base 15, what is -4 + 2222?
221d
In base 7, what is 362062 + 0?
362062
In base 4, what is -23201210 + -2003?
-23203213
In base 10, what is -109519 + 4?
-109515
In base 8, what is 14 - 10341?
-10325
In base 13, what is -6 - 3555?
-355b
In ba